ltiple of 32?
False
Is 2708 a multiple of 44?
False
Is 11 a factor of 9075?
True
Does 2 divide 1342?
True
Is 104 a factor of 1976?
True
Does 59 divide 484?
False
Is 124 a factor of 26387?
False
Does 8 divide 615?
False
Is 340 a multiple of 4?
True
Does 2 divide 1838?
True
Is 9135 a multiple of 87?
True
Is 4 a factor of 492?
True
Is 38293 a multiple of 19?
False
Is 54 a factor of 3353?
False
Does 2 divide 76?
True
Is 36 a factor of 138266?
False
Is 1732 a multiple of 17?
False
Is 266 a multiple of 40?
False
Is 1561 a multiple of 8?
False
Is 13100 a multiple of 18?
False
Is 11167 a multiple of 6?
False
Is 661 a multiple of 50?
False
Is 3325 a multiple of 45?
False
Does 10 divide 634?
False
Is 21 a factor of 5376?
True
Is 25 a factor of 2985?
False
Does 5 divide 3041?
False
Is 7400 a multiple of 185?
True
Is 2280 a multiple of 120?
True
Does 26 divide 8996?
True
Does 26 divide 235?
False
Is 8 a factor of 14915?
False
Does 2 divide 11774?
True
Is 199 a multiple of 15?
False
Does 4 divide 219?
False
Is 28 a factor of 1117?
False
Does 10 divide 578?
False
Does 12 divide 100894?
False
Does 2 divide 2078?
True
Does 93 divide 8835?
True
Is 169 a multiple of 14?
False
Is 984 a multiple of 45?
False
Does 9 divide 99?
True
Is 2112 a multiple of 32?
True
Is 342 a multiple of 18?
True
Is 43791 a multiple of 11?
True
Is 14 a factor of 1316?
True
Is 2 a factor of 620?
True
Is 11184 a multiple of 21?
False
Is 19 a factor of 299?
False
Is 7 a factor of 76?
False
Is 13 a factor of 26?
True
Is 14198 a multiple of 62?
True
Is 2138 a multiple of 8?
False
Is 43 a factor of 18767?
False
Does 76 divide 5700?
True
Is 32 a factor of 64?
True
Does 99 divide 1881?
True
Is 186 a factor of 1488?
True
Is 49 a multiple of 2?
False
Does 27 divide 20898?
True
Is 2104 a multiple of 13?
False
Is 2772 a multiple of 6?
True
Is 22 a factor of 616?
True
Is 3182 a multiple of 37?
True
Is 61 a factor of 3125?
False
Is 11 a factor of 1442?
False
Does 40 divide 13920?
True
Is 8 a factor of 599?
False
Is 45 a factor of 25380?
True
Does 178 divide 34426?
False
Does 12 divide 2376?
True
Is 50 a factor of 13507?
False
Does 6 divide 84?
True
Is 19 a factor of 35741?
False
Is 139 a multiple of 5?
False
Is 296 a multiple of 8?
True
Does 20 divide 25803?
False
Does 7 divide 428?
False
Is 29 a factor of 5249?
True
Does 5 divide 35?
True
Does 141 divide 714?
False
Is 6437 a multiple of 157?
True
Is 23 a factor of 3156?
False
Is 732 a multiple of 12?
True
Is 70 a factor of 4176?
False
Is 3226 a multiple of 11?
False
Does 9 divide 2043?
True
Is 1100 a multiple of 22?
True
Is 42 a factor of 64898?
False
Is 32508 a multiple of 21?
True
Does 17 divide 12291?
True
Does 15 divide 8674?
False
Is 129 a multiple of 38?
False
Is 262 a factor of 23276?
False
Is 9 a factor of 3886?
False
Is 18 a factor of 972?
True
Is 19 a factor of 2177?
False
Is 520 a multiple of 4?
True
Is 17 a factor of 221?
True
Is 49462 a multiple of 14?
True
Does 19 divide 3543?
False
Is 136 a factor of 5576?
True
Is 19909 a multiple of 43?
True
Does 9 divide 7523?
False
Is 25494 a multiple of 6?
True
Is 9 a factor of 21051?
True
Is 292 a multiple of 23?
False
Is 44 a factor of 2068?
True
Is 19 a factor of 2774?
True
Is 18 a factor of 1926?
True
Is 18 a factor of 51426?
True
Does 37 divide 7922?
False
Is 4592 a multiple of 56?
True
Does 32 divide 662?
False
Is 4 a factor of 54?
False
Does 35 divide 5390?
True
Does 2 divide 41?
False
Is 44 a factor of 1018?
False
Is 885 a multiple of 26?
False
Is 22491 a multiple of 147?
True
Does 4 divide 350?
False
Is 1161 a multiple of 23?
False
Is 132 a multiple of 22?
True
Is 24 a factor of 14318?
False
Is 11 a factor of 517?
True
Is 758 a multiple of 23?
False
Is 7 a factor of 15267?
True
Is 7128 a multiple of 22?
True
Is 13 a factor of 81755?
False
Does 27 divide 594?
True
Is 17 a factor of 1098?
False
Is 184 a multiple of 10?
False
Is 1224 a multiple of 9?
True
Does 43 divide 20898?
True
Is 92 a multiple of 5?
False
Is 7171 a multiple of 39?
False
Does 17 divide 14256?
False
Is 5 a factor of 2999?
False
Does 13 divide 296?
False
Is 2381 a multiple of 11?
False
Is 245 a multiple of 2?
False
Does 14 divide 7448?
True
Is 300 a multiple of 30?
True
Is 16109 a multiple of 181?
True
Does 32 divide 39481?
False
Is 13568 a multiple of 110?
False
Is 61 a factor of 2989?
True
Does 162 divide 5508?
True
Does 5 divide 13705?
True
Is 143 a factor of 25168?
True
Is 3040 a multiple of 38?
True
Is 87 a factor of 7917?
True
Is 17 a factor of 2193?
True
Is 5 a factor of 770?
True
Is 89 a factor of 20482?
False
Is 1052 a multiple of 9?
False
Does 10 divide 1772?
False
Does 111 divide 2648?
False
Does 181 divide 5611?
True
Does 14 divide 4718?
True
Is 2 a factor of 246?
True
Is 4030 a multiple of 26?
True
Is 2311 a multiple of 20?
False
Does 16 divide 4432?
True
Is 50 a factor of 4547?
False
Is 20 a factor of 1100?
True
Is 111132 a multiple of 126?
True
Does 42 divide 2194?
False
Is 8844 a multiple of 44?
True
Does 32 divide 3840?
True
Is 4 a factor of 14148?
True
Is 6 a factor of 8959?
False
Does 161 divide 33981?
False
Does 10 divide 750?
True
Is 13770 a multiple of 85?
True
Is 98 a factor of 882?
True
Does 8 divide 216?
True
Is 1450 a multiple of 25?
True
Is 1953 a multiple of 9?
True
Does 28 divide 3416?
True
Is 13 a factor of 6513?
True
Is 3014 a multiple of 137?
True
Is 15 a factor of 12487?
False
Is 17 a factor of 584?
False
Is 5532 a multiple of 148?
False
Is 7 a factor of 35826?
True
Does 30 divide 15000?
True
Does 16 divide 9504?
True
Is 48 a factor of 1008?
True
Is 1176 a multiple of 49?
True
Is 109932 a multiple of 21?
False
Is 5912 a multiple of 209?
False
Is 2055 a multiple of 9?
False
Is 8 a factor of 1499?
False
Is 918 a multiple of 18?
True
Does 26 divide 3024?
False
Is 21 a factor of 441?
True
Does 82 divide 984?
True
Is 7 a factor of 210?
True
Is 54 a factor of 972?
True
Is 10 a factor of 419?
False
Is 12 a factor of 1138?
False
Does 8 divide 66688?
True
Is 48831 a multiple of 411?
False
Is 23 a factor of 2826?
False
Is 42 a multiple of 42?
True
Is 3 a factor of 2676?
True
Does 271 divide 115175?
True
Does 10 divide 32250?
True
Does 51 divide 46382?
False
Is 54 a factor of 66548?
False
Is 31 a factor of 1644?
False
Is 44 a factor of 18964?
True
Is 315 a multiple of 21?
True
Does 23 divide 3450?
True
Does 16 divide 1264?
True
Is 6075 a multiple of 25?
True
Is 192 a multiple of 51?
False
Does 10 divide 945?
False
Is 255 a multiple of 15?
True
Is 264 a factor of 11880?
True
Is 104 a multiple of 26?
True
Is 21359 a multiple of 13?
True
Does 9 divide 3568?
False
Is 21 a factor of 21348?
False
Does 13 divide 5941?
True
Is 16004 a multiple of 60?
False
Is 7672 a multiple of 56?
True
Does 57 divide 2907?
True
Is 122 a factor of 9028?
True
Is 126 even?
True
Does 15 divide 3285?
True
Is 220 a multiple of 55?
True
Is 15 a factor of 475?
False
Is 194 a factor of 20809?
False
Does 2 divide 1198?
True
Is 4 a factor of 5258?
False
Is 137 a factor of 3911?
False
Does 46 divide 23000?
True
Is 24966 a multiple of 19?
True
Is 34 a factor of 2787?
False
Does 188 divide 7103?
False
Is 164 a factor of 85936?
True
Does 56 divide 37464?
True
Does 29 divide 3322?
False
Does 13 divide 2951?
True
Is 143 a factor of 117260?
True
Is 2085 a multiple of 7?
False
Does 20 divide 3760?
True
Does 12 divide 92?
False
Does 30 divide 30488?
False
Is 3816 a multiple of 53?
True
Is 14760 a multiple of 3?
True
Does 22 divide 9856?
True
Is 14 a factor of 157878?
True
Is 11887 a multiple of 14?
False
Does 178 divide 6292?
False
Does 27 divide 988?
False
Does 52 divide 2915?
False
Does 253 divide 102698?
False
Does 4 divide 17542?
False
Does 77 divide 2079?
True
Is 7 a factor of 279?
False
Is 13 a factor of 578?
False
Does 14 divide 1204?
True
Does 70 divide 4544?
False
Is 44 a factor of 4384?
False
Does 9 divide 684?
True
Does 12 divide 5977?
False
Does 38 divide 19347?
False
Does 6 divide 5004?
True
Is 14 a factor of 22820?
True
Is 15 a factor of 3045?
True
Is 15 a factor of 104?
False
Does 15 divide 3072?
False
Is 2107 a multiple of 10?
False
Does 9 divide 31?
False
Is 4788 a multiple of 38?
True
Is 14 a factor of 34090?
True
Does 55 divide 2114?
False
Does 34 divide 884?
True
Is 13 a multiple of 6?
False
Is 9 a factor of 87939?
Tru